{"id":51,"date":"2025-01-04T11:02:25","date_gmt":"2025-01-04T14:02:25","guid":{"rendered":"https:\/\/tddobem.com.br\/?page_id=51"},"modified":"2025-10-01T18:01:49","modified_gmt":"2025-10-01T21:01:49","slug":"nova-gameleira-arena-milton","status":"publish","type":"page","link":"https:\/\/tddobem.com.br\/index.php\/nova-gameleira-arena-milton\/","title":{"rendered":"nova gameleira &#8211; arena Milton"},"content":{"rendered":"\n<div class=\"wp-block-columns are-vertically-aligned-center is-layout-flex wp-container-core-columns-is-layout-9d6595d7 wp-block-columns-is-layout-flex\" id=\"projeto\">\n<div class=\"wp-block-column is-vertically-aligned-center is-layout-flow wp-block-column-is-layout-flow\" style=\"flex-basis:50%\">\n<div class=\"wp-block-group is-vertical is-layout-flex wp-container-core-group-is-layout-8cf370e7 wp-block-group-is-layout-flex\">\n<figure class=\"wp-block-image size-full is-style-default\"><img loading=\"lazy\" decoding=\"async\" width=\"1080\" height=\"1920\" src=\"https:\/\/tddobem.com.br\/wp-content\/uploads\/2025\/10\/Sem-nome-Story-3-1.png\" alt=\"\" class=\"wp-image-363\" srcset=\"https:\/\/tddobem.com.br\/wp-content\/uploads\/2025\/10\/Sem-nome-Story-3-1.png 1080w, https:\/\/tddobem.com.br\/wp-content\/uploads\/2025\/10\/Sem-nome-Story-3-1-169x300.png 169w, https:\/\/tddobem.com.br\/wp-content\/uploads\/2025\/10\/Sem-nome-Story-3-1-576x1024.png 576w, https:\/\/tddobem.com.br\/wp-content\/uploads\/2025\/10\/Sem-nome-Story-3-1-768x1365.png 768w, https:\/\/tddobem.com.br\/wp-content\/uploads\/2025\/10\/Sem-nome-Story-3-1-864x1536.png 864w\" sizes=\"auto, (max-width: 1080px) 100vw, 1080px\" \/><\/figure>\n<\/div>\n<\/div>\n\n\n\n<div class=\"wp-block-column is-vertically-aligned-center is-layout-flow wp-block-column-is-layout-flow\" style=\"flex-basis:50%\">\n<h2 class=\"wp-block-heading\">TD do Bem nO VILA EMBA\u00daBAS<\/h2>\n\n\n\n<p>No cora\u00e7\u00e3o da regi\u00e3o Oeste de Belo Horizonte, o <strong>polo Gameleira<\/strong> re\u00fane crian\u00e7as e adolescentes que encontram no <strong>Flag Football<\/strong> uma nova oportunidade de se conectar com uma nova pr\u00e1tica esportiva, afinal, o futebol j\u00e1 \u00e9 tradi\u00e7\u00e3o nesse campo. Nossos parceiros do Projeto ARAVE fazem um grande trabalho de anos atrav\u00e9s do futebol. O campo se tornou um espa\u00e7o de inclus\u00e3o e conviv\u00eancia.<\/p>\n\n\n\n<p>Nosso objetivo aqui \u00e9 <strong>fortalecer a pr\u00e1tica de esportes, promover h\u00e1bitos saud\u00e1veis e aproximar as crian\u00e7as de uma nova modalidade esportiva<\/strong>, criando um ambiente de pertencimento e crescimento coletivo.<\/p>\n<\/div>\n<\/div>\n\n\n\n<div style=\"height:15px\" aria-hidden=\"true\" class=\"wp-block-spacer\"><\/div>\n\n\n\n<div class=\"wp-block-columns are-vertically-aligned-center is-layout-flex wp-container-core-columns-is-layout-9d6595d7 wp-block-columns-is-layout-flex\" id=\"projeto\">\n<div class=\"wp-block-column is-vertically-aligned-center is-layout-flow wp-block-column-is-layout-flow\" style=\"flex-basis:50%\">\n<h2 class=\"wp-block-heading\">Evento de Lan\u00e7amento<\/h2>\n\n\n\n<p>No dia 19 de outubro de 2024, tivemos a honra de inaugurar oficialmente as atividades do TD do Bem na Arena Milton. O evento contou com a participa\u00e7\u00e3o especial de parceiros fundamentais para o projeto, os respons\u00e1veis do projeto Arave, o time do BH Wolves, a BrasilFA e Wellington (Sap\u00e3o), representante do TD do Bem no Barreiro.<br>Foi um momento de celebra\u00e7\u00e3o e integra\u00e7\u00e3o entre a comunidade, refor\u00e7ando nosso compromisso com o desenvolvimento esportivo e social da regi\u00e3o.<\/p>\n<\/div>\n\n\n\n<div class=\"wp-block-column is-vertically-aligned-center is-layout-flow wp-block-column-is-layout-flow\" style=\"flex-basis:50%\">\n<div class=\"wp-block-group\"><div class=\"wp-block-group__inner-container is-layout-constrained wp-block-group-is-layout-constrained\">\n<div class=\"wp-block-group\"><div class=\"wp-block-group__inner-container is-layout-constrained wp-block-group-is-layout-constrained\">\n<figure class=\"wp-block-image size-full is-style-default\"><img loading=\"lazy\" decoding=\"async\" width=\"1080\" height=\"1920\" src=\"https:\/\/tddobem.com.br\/wp-content\/uploads\/2025\/10\/Sem-nome-Story-2-1.png\" alt=\"\" class=\"wp-image-364\" srcset=\"https:\/\/tddobem.com.br\/wp-content\/uploads\/2025\/10\/Sem-nome-Story-2-1.png 1080w, https:\/\/tddobem.com.br\/wp-content\/uploads\/2025\/10\/Sem-nome-Story-2-1-169x300.png 169w, https:\/\/tddobem.com.br\/wp-content\/uploads\/2025\/10\/Sem-nome-Story-2-1-576x1024.png 576w, https:\/\/tddobem.com.br\/wp-content\/uploads\/2025\/10\/Sem-nome-Story-2-1-768x1365.png 768w, https:\/\/tddobem.com.br\/wp-content\/uploads\/2025\/10\/Sem-nome-Story-2-1-864x1536.png 864w\" sizes=\"auto, (max-width: 1080px) 100vw, 1080px\" \/><\/figure>\n<\/div><\/div>\n<\/div><\/div>\n<\/div>\n<\/div>\n\n\n\n<div style=\"height:19px\" aria-hidden=\"true\" class=\"wp-block-spacer\"><\/div>\n\n\n\n<div class=\"wp-block-columns are-vertically-aligned-center is-layout-flex wp-container-core-columns-is-layout-9d6595d7 wp-block-columns-is-layout-flex\">\n<div class=\"wp-block-column is-vertically-aligned-center is-layout-flow wp-block-column-is-layout-flow\">\n<figure class=\"wp-block-image size-large\"><img loading=\"lazy\" decoding=\"async\" width=\"1848\" height=\"2464\" src=\"https:\/\/tddobem.com.br\/wp-content\/uploads\/2025\/10\/IMG_5195-edited.jpg\" alt=\"\" class=\"wp-image-366\" srcset=\"https:\/\/tddobem.com.br\/wp-content\/uploads\/2025\/10\/IMG_5195-edited.jpg 1848w, https:\/\/tddobem.com.br\/wp-content\/uploads\/2025\/10\/IMG_5195-edited-225x300.jpg 225w, https:\/\/tddobem.com.br\/wp-content\/uploads\/2025\/10\/IMG_5195-edited-768x1024.jpg 768w, https:\/\/tddobem.com.br\/wp-content\/uploads\/2025\/10\/IMG_5195-edited-1152x1536.jpg 1152w, https:\/\/tddobem.com.br\/wp-content\/uploads\/2025\/10\/IMG_5195-edited-1536x2048.jpg 1536w\" sizes=\"auto, (max-width: 1848px) 100vw, 1848px\" \/><\/figure>\n<\/div>\n\n\n\n<div class=\"wp-block-column is-vertically-aligned-center is-layout-flow wp-block-column-is-layout-flow\">\n<figure class=\"wp-block-video\"><video height=\"1280\" style=\"aspect-ratio: 720 \/ 1280;\" width=\"720\" controls src=\"https:\/\/tddobem.com.br\/wp-content\/uploads\/2025\/02\/treino-nova-gameleira.mp4\"><\/video><\/figure>\n<\/div>\n\n\n\n<div class=\"wp-block-column is-vertically-aligned-center is-layout-flow wp-block-column-is-layout-flow\">\n<figure class=\"wp-block-image size-large\"><img loading=\"lazy\" decoding=\"async\" width=\"1024\" height=\"1024\" src=\"https:\/\/tddobem.com.br\/wp-content\/uploads\/2025\/02\/teste-3-1024x1024.jpg\" alt=\"\" class=\"wp-image-257\" srcset=\"https:\/\/tddobem.com.br\/wp-content\/uploads\/2025\/02\/teste-3-1024x1024.jpg 1024w, https:\/\/tddobem.com.br\/wp-content\/uploads\/2025\/02\/teste-3-300x300.jpg 300w, https:\/\/tddobem.com.br\/wp-content\/uploads\/2025\/02\/teste-3-150x150.jpg 150w, https:\/\/tddobem.com.br\/wp-content\/uploads\/2025\/02\/teste-3-768x768.jpg 768w, https:\/\/tddobem.com.br\/wp-content\/uploads\/2025\/02\/teste-3-640x640.jpg 640w, https:\/\/tddobem.com.br\/wp-content\/uploads\/2025\/02\/teste-3-240x240.jpg 240w, https:\/\/tddobem.com.br\/wp-content\/uploads\/2025\/02\/teste-3-110x110.jpg 110w, https:\/\/tddobem.com.br\/wp-content\/uploads\/2025\/02\/teste-3.jpg 1440w\" sizes=\"auto, (max-width: 1024px) 100vw, 1024px\" \/><\/figure>\n<\/div>\n<\/div>\n\n\n\n<div style=\"height:60px\" aria-hidden=\"true\" class=\"wp-block-spacer\"><\/div>\n\n\n\n<div class=\"wp-block-columns are-vertically-aligned-center is-layout-flex wp-container-core-columns-is-layout-9d6595d7 wp-block-columns-is-layout-flex\" id=\"projeto\">\n<div class=\"wp-block-column is-vertically-aligned-center is-layout-flow wp-block-column-is-layout-flow\" style=\"flex-basis:50%\">\n<h2 class=\"wp-block-heading\">Atividades e Funcionamento<\/h2>\n\n\n\n<p><strong>Arena Milton<\/strong> Nova Gameleira \u2013 Belo Horizonte\/MG \ud83d\udd59 <strong>Hor\u00e1rio:<\/strong> Todos os S\u00e1bados, das 10h \u00e0s 12h<\/p>\n<\/div>\n\n\n\n<div class=\"wp-block-column is-vertically-aligned-center linha is-layout-flow wp-block-column-is-layout-flow\" style=\"flex-basis:50%\">\n<p><\/p>\n\n\n\n<ul class=\"wp-block-list\">\n<li>Desenvolver habilidades esportivas e disciplina<\/li>\n\n\n\n<li><strong>Treinos de Flag Football semanais<\/strong>, aprendendo o esporte e seus valores.<\/li>\n\n\n\n<li><strong>Din\u00e2micas de grupo<\/strong> que estimulam coopera\u00e7\u00e3o e amizade.<\/li>\n\n\n\n<li><strong>Exerc\u00edcios f\u00edsicos variados<\/strong>, melhorando coordena\u00e7\u00e3o, velocidade e resist\u00eancia.<\/li>\n<\/ul>\n<\/div>\n<\/div>\n\n\n\n<p><\/p>\n","protected":false},"excerpt":{"rendered":"<p>TD do Bem nO VILA EMBA\u00daBAS No cora\u00e7\u00e3o da regi\u00e3o Oeste de Belo Horizonte, o polo Gameleira re\u00fane crian\u00e7as e &hellip; <a href=\"https:\/\/tddobem.com.br\/index.php\/nova-gameleira-arena-milton\/\" class=\"more-link\"><span class=\"more-button\">Continue Reading<span class=\"screen-reader-text\">nova gameleira &#8211; arena Milton<\/span><\/span><\/a><\/p>\n","protected":false},"author":1,"featured_media":0,"parent":0,"menu_order":0,"comment_status":"closed","ping_status":"closed","template":"templates\/full-width-page.php","meta":{"footnotes":""},"class_list":["post-51","page","type-page","status-publish","hentry"],"_links":{"self":[{"href":"https:\/\/tddobem.com.br\/index.php\/wp-json\/wp\/v2\/pages\/51","targetHints":{"allow":["GET"]}}],"collection":[{"href":"https:\/\/tddobem.com.br\/index.php\/wp-json\/wp\/v2\/pages"}],"about":[{"href":"https:\/\/tddobem.com.br\/index.php\/wp-json\/wp\/v2\/types\/page"}],"author":[{"embeddable":true,"href":"https:\/\/tddobem.com.br\/index.php\/wp-json\/wp\/v2\/users\/1"}],"replies":[{"embeddable":true,"href":"https:\/\/tddobem.com.br\/index.php\/wp-json\/wp\/v2\/comments?post=51"}],"version-history":[{"count":15,"href":"https:\/\/tddobem.com.br\/index.php\/wp-json\/wp\/v2\/pages\/51\/revisions"}],"predecessor-version":[{"id":368,"href":"https:\/\/tddobem.com.br\/index.php\/wp-json\/wp\/v2\/pages\/51\/revisions\/368"}],"wp:attachment":[{"href":"https:\/\/tddobem.com.br\/index.php\/wp-json\/wp\/v2\/media?parent=51"}],"curies":[{"name":"wp","href":"https:\/\/api.w.org\/{rel}","templated":true}]}}